{"id":2506,"date":"2026-04-16T15:31:20","date_gmt":"2026-04-16T15:31:20","guid":{"rendered":"https:\/\/travelwave.id.vn\/?post_type=product&#038;p=2506"},"modified":"2026-04-17T08:55:01","modified_gmt":"2026-04-17T08:55:01","slug":"tour-mot-ngay-tham-quan-co-do-hue","status":"publish","type":"product","link":"https:\/\/travelwave.id.vn\/?product=tour-mot-ngay-tham-quan-co-do-hue","title":{"rendered":"Tour M\u1ed9t Ng\u00e0y Tham Quan C\u1ed1 \u0110\u00f4 Hu\u1ebf"},"content":{"rendered":"<div class=\"css-1dbjc4n r-6koalj r-1euycsn r-1wtj0ep r-iphfwy r-ymttw5 r-ttdzmv\">\n<div class=\"css-1dbjc4n r-s1qlax r-ttdzmv\">\n<h2 class=\"css-4rbku5 css-901oao r-uh8wd5 r-b88u0q r-fdjqy7\" dir=\"auto\" role=\"heading\" aria-level=\"2\">B\u1ea1n s\u1ebd tr\u1ea3i nghi\u1ec7m<\/h2>\n<\/div>\n<\/div>\n<div class=\"css-1dbjc4n r-150rngu r-eqz5dr r-16y2uox r-1wbh5a2 r-11yh6sk r-1rnoaur r-1sncvnh\">\n<div class=\"css-1dbjc4n r-d9fdf6\">\n<div class=\"css-1dbjc4n r-1ifxtd0 r-11wrixw r-88pszg r-1wzrnnt\">\n<div class=\"css-1dbjc4n r-1habvwh r-18u37iz r-1w6e6rj\">\n<div class=\"css-1dbjc4n r-obd0qt r-z80fyv r-1777fci r-1kb76zh\">\n<div class=\"css-1dbjc4n r-1jkafct\"><\/div>\n<\/div>\n<div class=\"css-1dbjc4n r-13awgt0\">\n<ul>\n<li class=\"css-901oao r-uh8wd5 r-majxgm r-fdjqy7\" dir=\"auto\">M\u1ed9t tr\u1ea3i nghi\u1ec7m th\u00fa v\u1ecb v\u00e0 kh\u00f3 qu\u00ean cho du kh\u00e1ch khi kh\u00e1m ph\u00e1 v\u00e0 c\u1ea3m nh\u1eadn v\u1ebb \u0111\u1eb9p \u0111a chi\u1ec1u, nhi\u1ec1u s\u1eafc th\u00e1i c\u1ee7a d\u00f2ng s\u00f4ng H\u01b0\u01a1ng th\u01a1 m\u1ed9ng tr\u1eef t\u00ecnh x\u1ee9 Hu\u1ebf<\/li>\n<\/ul>\n<\/div>\n<\/div>\n<div class=\"css-1dbjc4n r-1habvwh r-18u37iz r-1w6e6rj\">\n<div class=\"css-1dbjc4n r-obd0qt r-z80fyv r-1777fci r-1kb76zh\">\n<div class=\"css-1dbjc4n r-1jkafct\"><\/div>\n<\/div>\n<div class=\"css-1dbjc4n r-13awgt0\">\n<ul>\n<li class=\"css-901oao r-uh8wd5 r-majxgm r-fdjqy7\" dir=\"auto\">Tham quan \u0110\u1ea1i N\u1ed9i Hu\u1ebf, n\u01a1i \u1edf c\u1ee7a v\u01b0\u01a1ng tri\u1ec1u cu\u1ed1i c\u00f9ng c\u1ee7a Vi\u1ec7t Nam &#8211; tri\u1ec1u \u0111\u1ea1i nh\u00e0 Nguy\u1ec5n<\/li>\n<\/ul>\n<\/div>\n<\/div>\n<div class=\"css-1dbjc4n r-1habvwh r-18u37iz r-1w6e6rj\">\n<div class=\"css-1dbjc4n r-obd0qt r-z80fyv r-1777fci r-1kb76zh\">\n<div class=\"css-1dbjc4n r-1jkafct\"><\/div>\n<\/div>\n<div class=\"css-1dbjc4n r-13awgt0\">\n<ul>\n<li class=\"css-901oao r-uh8wd5 r-majxgm r-fdjqy7\" dir=\"auto\">T\u00ecm hi\u1ec3u nh\u1eefng n\u00e9t \u0111\u1eb7c tr\u01b0ng ti\u00eau bi\u1ec3u c\u1ee7a ki\u1ebfn tr\u00fac l\u0103ng m\u1ed9 ho\u00e0ng gia v\u00e0 nh\u1eefng c\u00e2u chuy\u1ec7n l\u1ecbch s\u1eed<\/li>\n<\/ul>\n<\/div>\n<\/div>\n<div class=\"css-1dbjc4n r-1habvwh r-18u37iz r-1w6e6rj\">\n<div class=\"css-1dbjc4n r-obd0qt r-z80fyv r-1777fci r-1kb76zh\">\n<div class=\"css-1dbjc4n r-1jkafct\"><\/div>\n<\/div>\n<div class=\"css-1dbjc4n r-13awgt0\">\n<ul>\n<li class=\"css-901oao r-uh8wd5 r-majxgm r-fdjqy7\" dir=\"auto\">Tr\u1ea3i nghi\u1ec7m th\u1ef1c t\u1ebf t\u1ea1i l\u00e0ng ngh\u1ec1 l\u00e0m n\u00f3n v\u00e0 l\u00e0ng h\u01b0\u01a1ng<\/li>\n<\/ul>\n<\/div>\n<\/div>\n<\/div>\n<\/div>\n<\/div>\n","protected":false},"excerpt":{"rendered":"<p>B\u1ea1n s\u1ebd tr\u1ea3i nghi\u1ec7m M\u1ed9t tr\u1ea3i nghi\u1ec7m th\u00fa v\u1ecb v\u00e0 kh\u00f3 qu\u00ean cho du kh\u00e1ch khi kh\u00e1m ph\u00e1 v\u00e0 c\u1ea3m nh\u1eadn v\u1ebb \u0111\u1eb9p \u0111a chi\u1ec1u, nhi\u1ec1u s\u1eafc th\u00e1i c\u1ee7a d\u00f2ng s\u00f4ng H\u01b0\u01a1ng th\u01a1 m\u1ed9ng tr\u1eef t\u00ecnh x\u1ee9 Hu\u1ebf Tham quan \u0110\u1ea1i N\u1ed9i Hu\u1ebf, n\u01a1i \u1edf c\u1ee7a v\u01b0\u01a1ng tri\u1ec1u cu\u1ed1i c\u00f9ng c\u1ee7a Vi\u1ec7t Nam &#8211; tri\u1ec1u [&hellip;]<\/p>\n","protected":false},"featured_media":2641,"comment_status":"open","ping_status":"closed","template":"","meta":[],"product_brand":[],"product_cat":[31],"product_tag":[],"class_list":{"0":"post-2506","1":"product","2":"type-product","3":"status-publish","4":"has-post-thumbnail","6":"product_cat-du-lich-trong-thanh-pho","8":"first","9":"instock","10":"sale","11":"shipping-taxable","12":"purchasable","13":"product-type-simple"},"_links":{"self":[{"href":"https:\/\/travelwave.id.vn\/index.php?rest_route=\/wp\/v2\/product\/2506","targetHints":{"allow":["GET"]}}],"collection":[{"href":"https:\/\/travelwave.id.vn\/index.php?rest_route=\/wp\/v2\/product"}],"about":[{"href":"https:\/\/travelwave.id.vn\/index.php?rest_route=\/wp\/v2\/types\/product"}],"replies":[{"embeddable":true,"href":"https:\/\/travelwave.id.vn\/index.php?rest_route=%2Fwp%2Fv2%2Fcomments&post=2506"}],"version-history":[{"count":0,"href":"https:\/\/travelwave.id.vn\/index.php?rest_route=\/wp\/v2\/product\/2506\/revisions"}],"wp:featuredmedia":[{"embeddable":true,"href":"https:\/\/travelwave.id.vn\/index.php?rest_route=\/wp\/v2\/media\/2641"}],"wp:attachment":[{"href":"https:\/\/travelwave.id.vn\/index.php?rest_route=%2Fwp%2Fv2%2Fmedia&parent=2506"}],"wp:term":[{"taxonomy":"product_brand","embeddable":true,"href":"https:\/\/travelwave.id.vn\/index.php?rest_route=%2Fwp%2Fv2%2Fproduct_brand&post=2506"},{"taxonomy":"product_cat","embeddable":true,"href":"https:\/\/travelwave.id.vn\/index.php?rest_route=%2Fwp%2Fv2%2Fproduct_cat&post=2506"},{"taxonomy":"product_tag","embeddable":true,"href":"https:\/\/travelwave.id.vn\/index.php?rest_route=%2Fwp%2Fv2%2Fproduct_tag&post=2506"}],"curies":[{"name":"wp","href":"https:\/\/api.w.org\/{rel}","templated":true}]}}