{"id":2498,"date":"2026-04-16T15:18:09","date_gmt":"2026-04-16T15:18:09","guid":{"rendered":"https:\/\/travelwave.id.vn\/?post_type=product&#038;p=2498"},"modified":"2026-04-17T09:11:53","modified_gmt":"2026-04-17T09:11:53","slug":"tour-bao-tang-lich-su-quan-su-lang-bac-hoa-lo-nua-ngay-voi-huong-dan-vien-tieng-anh-trung-han-nhat","status":"publish","type":"product","link":"https:\/\/travelwave.id.vn\/?product=tour-bao-tang-lich-su-quan-su-lang-bac-hoa-lo-nua-ngay-voi-huong-dan-vien-tieng-anh-trung-han-nhat","title":{"rendered":"Tour B\u1ea3o t\u00e0ng L\u1ecbch s\u1eed Qu\u00e2n s\u1ef1, L\u0103ng B\u00e1c, H\u1ecfa L\u00f2 &#8211; N\u1eeda ng\u00e0y v\u1edbi h\u01b0\u1edbng d\u1eabn vi\u00ean ti\u1ebfng Anh, Trung, H\u00e0n, Nh\u1eadt"},"content":{"rendered":"<div class=\"css-1dbjc4n r-5oul0u r-1ow6zhx r-88pszg\">\n<div class=\"css-901oao r-13awgt0 r-uh8wd5 r-majxgm r-fdjqy7\" dir=\"auto\">\n<ul>\n<li>Kh\u00e1m ph\u00e1 l\u1ecbch s\u1eed v\u00e0 v\u0103n h\u00f3a \u0111a d\u1ea1ng c\u1ee7a Vi\u1ec7t Nam trong chuy\u1ebfn tham quan n\u1eeda ng\u00e0y \u0111\u1ebfn v\u1edbi nh\u1eefng \u0111\u1ecba \u0111i\u1ec3m l\u1ecbch s\u1eed n\u1ed5i ti\u1ebfng c\u1ee7a H\u00e0 N\u1ed9i. B\u1eaft \u0111\u1ea7u h\u00e0nh tr\u00ecnh c\u1ee7a b\u1ea1n v\u1edbi m\u1ed9t chuy\u1ebfn tham quan \u0111\u1ebfn B\u1ea3o t\u00e0ng L\u1ecbch s\u1eed Qu\u00e2n s\u1ef1 \u0111\u1ec3 b\u1ea1n c\u00f3 c\u00e1i nh\u00ecn s\u00e2u s\u1eafc v\u1ec1 qu\u00e1 kh\u1ee9 qu\u00e2n s\u1ef1 c\u1ee7a \u0111\u1ea5t n\u01b0\u1edbc. Kh\u00e1m ph\u00e1 qu\u00e1 tr\u00ecnh ti\u1ebfn h\u00f3a c\u1ee7a Vi\u1ec7t Nam t\u1eeb th\u1eddi k\u1ef3 ti\u1ec1n s\u1eed \u0111\u1ebfn hi\u1ec7n \u0111\u1ea1i, v\u00e0 ng\u1eafm nh\u00ecn m\u1ed9t b\u1ed9 s\u01b0u t\u1eadp l\u1edbn c\u00e1c di v\u1eadt, v\u0169 kh\u00ed v\u00e0 ph\u01b0\u01a1ng ti\u1ec7n qu\u00e2n s\u1ef1 \u0111\u01b0\u1ee3c s\u1eed d\u1ee5ng trong nhi\u1ec1u xung \u0111\u1ed9t.<\/li>\n<\/ul>\n<\/div>\n<\/div>\n<div class=\"css-1dbjc4n r-5oul0u r-1ow6zhx r-88pszg\">\n<div class=\"css-901oao r-13awgt0 r-uh8wd5 r-majxgm r-fdjqy7\" dir=\"auto\">\n<ul>\n<li>Gh\u00e9 th\u0103m L\u0103ng Ch\u1ee7 t\u1ecbch H\u1ed3 Ch\u00ed Minh \u0111\u1ec3 t\u01b0\u1edfng nh\u1edb v\u1ecb l\u00e3nh t\u1ee5 k\u00ednh y\u00eau c\u1ee7a \u0111\u1ea5t n\u01b0\u1edbc. T\u1ea1i \u0111\u00e2y, b\u1ea1n s\u1ebd \u0111\u01b0\u1ee3c t\u00ecm hi\u1ec3u v\u1ec1 cu\u1ed9c \u0111\u1eddi, s\u1ef1 nghi\u1ec7p v\u00e0 di s\u1ea3n c\u1ee7a B\u00e1c.<\/li>\n<\/ul>\n<\/div>\n<\/div>\n<div class=\"css-1dbjc4n r-5oul0u r-1ow6zhx r-88pszg\">\n<div class=\"css-901oao r-13awgt0 r-uh8wd5 r-majxgm r-fdjqy7\" dir=\"auto\">\n<ul>\n<li>Ho\u1eb7c b\u1ea1n c\u00f3 th\u1ec3 ch\u1ecdn tham quan Nh\u00e0 t\u00f9 H\u1ecfa L\u00f2 n\u1ed5i ti\u1ebfng, \u0111\u01b0\u1ee3c g\u1ecdi l\u00e0 &#8220;Hilton H\u00e0 N\u1ed9i&#8221; trong th\u1eddi k\u1ef3 hai cu\u1ed9c kh\u00e1ng chi\u1ebfn. Nh\u00e0 t\u00f9 l\u00e0 minh ch\u1ee9ng cho s\u1ef1 t\u00e0n \u00e1c c\u1ee7a ch\u1ebf \u0111\u1ed9 thu\u1ed9c \u0111\u1ecba Ph\u00e1p v\u00e0 nh\u1eefng t\u1ed9i \u00e1c \u0111\u00e3 x\u1ea3y ra b\u00ean trong nh\u1eefng b\u1ee9c t\u01b0\u1eddng c\u1ee7a n\u00f3. H\u01b0\u1edbng d\u1eabn vi\u00ean s\u1ebd cung c\u1ea5p nh\u1eefng th\u00f4ng tin \u0111\u1ed9c \u0111\u00e1o v\u1ec1 qu\u00e1 kh\u1ee9 u \u00e1m c\u1ee7a nh\u00e0 t\u00f9 v\u00e0 c\u00e2u chuy\u1ec7n v\u1ec1 nh\u1eefng ng\u01b0\u1eddi \u0111\u00e3 b\u1ecb giam c\u1ea7m \u1edf \u0111\u00e2y.<\/li>\n<\/ul>\n<\/div>\n<\/div>\n<div class=\"css-1dbjc4n r-5oul0u r-1ow6zhx r-88pszg\">\n<div class=\"css-901oao r-13awgt0 r-uh8wd5 r-majxgm r-fdjqy7\" dir=\"auto\">\n<ul>\n<li>Chuy\u1ebfn tham quan n\u1eeda ng\u00e0y n\u00e0y r\u1ea5t ph\u00f9 h\u1ee3p cho nh\u1eefng ng\u01b0\u1eddi mu\u1ed1n c\u00f3 c\u00e1i nh\u00ecn t\u1ed5ng quan v\u1ec1 l\u1ecbch s\u1eed v\u00e0 v\u0103n h\u00f3a phong ph\u00fa c\u1ee7a Vi\u1ec7t Nam. N\u00f3 th\u00edch h\u1ee3p v\u1edbi m\u1ecdi l\u1ee9a tu\u1ed5i v\u00e0 ch\u1eafc ch\u1eafn s\u1ebd \u0111\u1ec3 l\u1ea1i \u1ea5n t\u01b0\u1ee3ng s\u00e2u s\u1eafc. H\u00e3y tham gia c\u00f9ng ch\u00fang t\u00f4i v\u00e0 kh\u00e1m ph\u00e1 v\u00ec sao ba \u0111\u1ecba danh H\u00e0 N\u1ed9i n\u00e0y l\u00e0 m\u1ed9t ph\u1ea7n kh\u00f4ng th\u1ec3 thi\u1ebfu c\u1ee7a b\u1ea3n s\u1eafc<\/li>\n<\/ul>\n<\/div>\n<\/div>\n","protected":false},"excerpt":{"rendered":"<p>Kh\u00e1m ph\u00e1 l\u1ecbch s\u1eed v\u00e0 v\u0103n h\u00f3a \u0111a d\u1ea1ng c\u1ee7a Vi\u1ec7t Nam trong chuy\u1ebfn tham quan n\u1eeda ng\u00e0y \u0111\u1ebfn v\u1edbi nh\u1eefng \u0111\u1ecba \u0111i\u1ec3m l\u1ecbch s\u1eed n\u1ed5i ti\u1ebfng c\u1ee7a H\u00e0 N\u1ed9i. B\u1eaft \u0111\u1ea7u h\u00e0nh tr\u00ecnh c\u1ee7a b\u1ea1n v\u1edbi m\u1ed9t chuy\u1ebfn tham quan \u0111\u1ebfn B\u1ea3o t\u00e0ng L\u1ecbch s\u1eed Qu\u00e2n s\u1ef1 \u0111\u1ec3 b\u1ea1n c\u00f3 c\u00e1i nh\u00ecn s\u00e2u s\u1eafc [&hellip;]<\/p>\n","protected":false},"featured_media":2664,"comment_status":"open","ping_status":"closed","template":"","meta":[],"product_brand":[],"product_cat":[31],"product_tag":[],"class_list":{"0":"post-2498","1":"product","2":"type-product","3":"status-publish","4":"has-post-thumbnail","6":"product_cat-du-lich-trong-thanh-pho","8":"first","9":"instock","10":"sale","11":"shipping-taxable","12":"purchasable","13":"product-type-simple"},"_links":{"self":[{"href":"https:\/\/travelwave.id.vn\/index.php?rest_route=\/wp\/v2\/product\/2498","targetHints":{"allow":["GET"]}}],"collection":[{"href":"https:\/\/travelwave.id.vn\/index.php?rest_route=\/wp\/v2\/product"}],"about":[{"href":"https:\/\/travelwave.id.vn\/index.php?rest_route=\/wp\/v2\/types\/product"}],"replies":[{"embeddable":true,"href":"https:\/\/travelwave.id.vn\/index.php?rest_route=%2Fwp%2Fv2%2Fcomments&post=2498"}],"version-history":[{"count":0,"href":"https:\/\/travelwave.id.vn\/index.php?rest_route=\/wp\/v2\/product\/2498\/revisions"}],"wp:featuredmedia":[{"embeddable":true,"href":"https:\/\/travelwave.id.vn\/index.php?rest_route=\/wp\/v2\/media\/2664"}],"wp:attachment":[{"href":"https:\/\/travelwave.id.vn\/index.php?rest_route=%2Fwp%2Fv2%2Fmedia&parent=2498"}],"wp:term":[{"taxonomy":"product_brand","embeddable":true,"href":"https:\/\/travelwave.id.vn\/index.php?rest_route=%2Fwp%2Fv2%2Fproduct_brand&post=2498"},{"taxonomy":"product_cat","embeddable":true,"href":"https:\/\/travelwave.id.vn\/index.php?rest_route=%2Fwp%2Fv2%2Fproduct_cat&post=2498"},{"taxonomy":"product_tag","embeddable":true,"href":"https:\/\/travelwave.id.vn\/index.php?rest_route=%2Fwp%2Fv2%2Fproduct_tag&post=2498"}],"curies":[{"name":"wp","href":"https:\/\/api.w.org\/{rel}","templated":true}]}}