{"id":2480,"date":"2026-04-16T14:48:33","date_gmt":"2026-04-16T14:48:33","guid":{"rendered":"https:\/\/travelwave.id.vn\/?post_type=product&#038;p=2480"},"modified":"2026-04-16T14:48:33","modified_gmt":"2026-04-16T14:48:33","slug":"my-tho-thoi-son-con-phung-ben-tre","status":"publish","type":"product","link":"https:\/\/travelwave.id.vn\/?product=my-tho-thoi-son-con-phung-ben-tre","title":{"rendered":"M\u1ef9 Tho &#8211; Th\u1edbi S\u01a1n &#8211; C\u1ed3n Ph\u1ee5ng &#8211; B\u1ebfn Tre"},"content":{"rendered":"<ul>\n<li>\n<p data-path-to-node=\"1,0,0\"><b data-path-to-node=\"1,0,0\" data-index-in-node=\"0\">M\u1ef9 Tho:<\/b> Kh\u1edfi h\u00e0nh t\u1eeb th\u00e0nh ph\u1ed1 c\u1eeda ng\u00f5 v\u00f9ng \u0111\u1ed3ng b\u1eb1ng, du kh\u00e1ch l\u00ean t\u00e0u du ngo\u1ea1n tr\u00ean s\u00f4ng Ti\u1ec1n v\u00e0 ng\u1eafm nh\u00ecn c\u1ea3nh sinh ho\u1ea1t ghe thuy\u1ec1n nh\u1ed9n nh\u1ecbp.<\/p>\n<\/li>\n<li>\n<p data-path-to-node=\"1,1,0\"><b data-path-to-node=\"1,1,0\" data-index-in-node=\"0\">C\u00f9 lao Th\u1edbi S\u01a1n:<\/b> \u0110i\u1ec3m d\u1eebng ch\u00e2n l\u00fd t\u01b0\u1edfng \u0111\u1ec3 tr\u1ea3i nghi\u1ec7m ch\u00e8o xu\u1ed3ng ba l\u00e1 len l\u1ecfi trong r\u1ea1ch d\u1eeba n\u01b0\u1edbc, th\u01b0\u1edfng th\u1ee9c tr\u00e0 m\u1eadt ong v\u00e0 nghe \u0111\u1eddn ca t\u00e0i t\u1eed.<\/p>\n<\/li>\n<li>\n<p data-path-to-node=\"1,2,0\"><b data-path-to-node=\"1,2,0\" data-index-in-node=\"0\">C\u1ed3n Ph\u1ee5ng:<\/b> Tham quan khu di t\u00edch \u0110\u1ea1o D\u1eeba v\u1edbi ki\u1ebfn tr\u00fac \u0111\u1ed9c \u0111\u00e1o, t\u00ecm hi\u1ec3u v\u1ec1 quy tr\u00ecnh s\u1ea3n xu\u1ea5t th\u1ee7 c\u00f4ng m\u1ef9 ngh\u1ec7 v\u00e0 c\u00e1c tr\u00f2 ch\u01a1i d\u00e2n gian vui nh\u1ed9n.<\/p>\n<\/li>\n<li>\n<p data-path-to-node=\"1,3,0\"><b data-path-to-node=\"1,3,0\" data-index-in-node=\"0\">B\u1ebfn Tre:<\/b> K\u1ebft th\u00fac tour b\u1eb1ng vi\u1ec7c gh\u00e9 th\u0103m c\u00e1c l\u00f2 k\u1eb9o d\u1eeba truy\u1ec1n th\u1ed1ng, th\u01b0\u1edfng th\u1ee9c tr\u00e1i c\u00e2y theo m\u00f9a v\u00e0 t\u1eadn h\u01b0\u1edfng kh\u00f4ng kh\u00ed y\u00ean b\u00ecnh c\u1ee7a x\u1ee9 D\u1eeba.<\/p>\n<\/li>\n<\/ul>\n","protected":false},"excerpt":{"rendered":"<p>M\u1ef9 Tho: Kh\u1edfi h\u00e0nh t\u1eeb th\u00e0nh ph\u1ed1 c\u1eeda ng\u00f5 v\u00f9ng \u0111\u1ed3ng b\u1eb1ng, du kh\u00e1ch l\u00ean t\u00e0u du ngo\u1ea1n tr\u00ean s\u00f4ng Ti\u1ec1n v\u00e0 ng\u1eafm nh\u00ecn c\u1ea3nh sinh ho\u1ea1t ghe thuy\u1ec1n nh\u1ed9n nh\u1ecbp. C\u00f9 lao Th\u1edbi S\u01a1n: \u0110i\u1ec3m d\u1eebng ch\u00e2n l\u00fd t\u01b0\u1edfng \u0111\u1ec3 tr\u1ea3i nghi\u1ec7m ch\u00e8o xu\u1ed3ng ba l\u00e1 len l\u1ecfi trong r\u1ea1ch d\u1eeba n\u01b0\u1edbc, th\u01b0\u1edfng th\u1ee9c [&hellip;]<\/p>\n","protected":false},"featured_media":2481,"comment_status":"open","ping_status":"closed","template":"","meta":[],"product_brand":[],"product_cat":[17],"product_tag":[],"class_list":{"0":"post-2480","1":"product","2":"type-product","3":"status-publish","4":"has-post-thumbnail","6":"product_cat-du-lich-tiet-kiem","8":"first","9":"instock","10":"shipping-taxable","11":"purchasable","12":"product-type-simple"},"_links":{"self":[{"href":"https:\/\/travelwave.id.vn\/index.php?rest_route=\/wp\/v2\/product\/2480","targetHints":{"allow":["GET"]}}],"collection":[{"href":"https:\/\/travelwave.id.vn\/index.php?rest_route=\/wp\/v2\/product"}],"about":[{"href":"https:\/\/travelwave.id.vn\/index.php?rest_route=\/wp\/v2\/types\/product"}],"replies":[{"embeddable":true,"href":"https:\/\/travelwave.id.vn\/index.php?rest_route=%2Fwp%2Fv2%2Fcomments&post=2480"}],"version-history":[{"count":0,"href":"https:\/\/travelwave.id.vn\/index.php?rest_route=\/wp\/v2\/product\/2480\/revisions"}],"wp:featuredmedia":[{"embeddable":true,"href":"https:\/\/travelwave.id.vn\/index.php?rest_route=\/wp\/v2\/media\/2481"}],"wp:attachment":[{"href":"https:\/\/travelwave.id.vn\/index.php?rest_route=%2Fwp%2Fv2%2Fmedia&parent=2480"}],"wp:term":[{"taxonomy":"product_brand","embeddable":true,"href":"https:\/\/travelwave.id.vn\/index.php?rest_route=%2Fwp%2Fv2%2Fproduct_brand&post=2480"},{"taxonomy":"product_cat","embeddable":true,"href":"https:\/\/travelwave.id.vn\/index.php?rest_route=%2Fwp%2Fv2%2Fproduct_cat&post=2480"},{"taxonomy":"product_tag","embeddable":true,"href":"https:\/\/travelwave.id.vn\/index.php?rest_route=%2Fwp%2Fv2%2Fproduct_tag&post=2480"}],"curies":[{"name":"wp","href":"https:\/\/api.w.org\/{rel}","templated":true}]}}