{"id":165,"date":"2024-09-20T13:32:37","date_gmt":"2024-09-20T13:32:37","guid":{"rendered":"http:\/\/wpsitedev.local\/?page_id=165"},"modified":"2024-09-20T13:32:37","modified_gmt":"2024-09-20T13:32:37","slug":"about","status":"publish","type":"page","link":"https:\/\/travelwave.id.vn\/?page_id=165","title":{"rendered":"About"},"content":{"rendered":"\t\t<div data-elementor-type=\"wp-page\" data-elementor-id=\"165\" class=\"elementor elementor-165\">\n\t\t\t\t<div class=\"elementor-element elementor-element-5f89a67 e-flex e-con-boxed e-con e-parent\" data-id=\"5f89a67\" data-element_type=\"container\" data-e-type=\"container\" data-settings=\"{&quot;background_background&quot;:&quot;classic&quot;}\">\n\t\t\t\t\t<div class=\"e-con-inner\">\n\t\t<div class=\"elementor-element elementor-element-a5f795c e-con-full e-flex e-con e-child\" data-id=\"a5f795c\" data-element_type=\"container\" data-e-type=\"container\">\n\t\t<div class=\"elementor-element elementor-element-63aa253 e-con-full e-flex e-con e-child\" data-id=\"63aa253\" data-element_type=\"container\" data-e-type=\"container\">\n\t\t<div class=\"elementor-element elementor-element-ba9474f e-con-full e-flex e-con e-child\" data-id=\"ba9474f\" data-element_type=\"container\" data-e-type=\"container\">\n\t\t\t\t<div class=\"elementor-element elementor-element-09fb21a elementor-widget elementor-widget-anant-heading\" data-id=\"09fb21a\" data-element_type=\"widget\" data-e-type=\"widget\" data-widget_type=\"anant-heading.default\">\n\t\t\t\t<div class=\"elementor-widget-container\">\n\t\t\t\t\t<div class=\"heading_one anant-heading-card\">\r\n\t\t\t<h1 class=\"title\">\r\n\t\tabout us\t\t<\/h1>\r\n\t\t \r\n<\/div>\t\t\t\t<\/div>\n\t\t\t\t<\/div>\n\t\t\t\t<div class=\"elementor-element elementor-element-9302a84 elementor-icon-list--layout-inline elementor-align-center elementor-list-item-link-full_width elementor-widget elementor-widget-icon-list\" data-id=\"9302a84\" data-element_type=\"widget\" data-e-type=\"widget\" data-widget_type=\"icon-list.default\">\n\t\t\t\t\t\t\t<ul class=\"elementor-icon-list-items elementor-inline-items\">\n\t\t\t\t\t\t\t<li class=\"elementor-icon-list-item elementor-inline-item\">\n\t\t\t\t\t\t\t\t\t\t\t<a href=\"https:\/\/template.anantaddons.com\/eshop\/two\/\">\n\n\t\t\t\t\t\t\t\t\t\t\t<span class=\"elementor-icon-list-text\">home<\/span>\n\t\t\t\t\t\t\t\t\t\t\t<\/a>\n\t\t\t\t\t\t\t\t\t<\/li>\n\t\t\t\t\t\t\t\t<li class=\"elementor-icon-list-item elementor-inline-item\">\n\t\t\t\t\t\t\t\t\t\t<span class=\"elementor-icon-list-text\">about us<\/span>\n\t\t\t\t\t\t\t\t\t<\/li>\n\t\t\t\t\t\t<\/ul>\n\t\t\t\t\t\t<\/div>\n\t\t\t\t<\/div>\n\t\t\t\t<\/div>\n\t\t\t\t<\/div>\n\t\t\t\t\t<\/div>\n\t\t\t\t<\/div>\n\t\t<div class=\"elementor-element elementor-element-f8bb823 e-flex e-con-boxed e-con e-parent\" data-id=\"f8bb823\" data-element_type=\"container\" data-e-type=\"container\" data-settings=\"{&quot;background_background&quot;:&quot;classic&quot;}\">\n\t\t\t\t\t<div class=\"e-con-inner\">\n\t\t<div class=\"elementor-element elementor-element-6d83b9f e-con-full e-flex e-con e-child\" data-id=\"6d83b9f\" data-element_type=\"container\" data-e-type=\"container\">\n\t\t<div class=\"elementor-element elementor-element-f39fc4c e-con-full e-flex e-con e-child\" data-id=\"f39fc4c\" data-element_type=\"container\" data-e-type=\"container\">\n\t\t\t\t<div class=\"elementor-element elementor-element-5a9dc78 elementor-widget elementor-widget-anant-feature\" data-id=\"5a9dc78\" data-element_type=\"widget\" data-e-type=\"widget\" data-widget_type=\"anant-feature.default\">\n\t\t\t\t<div class=\"elementor-widget-container\">\n\t\t\t\t\t<div class=\"anant-feature-wrapper feature_one anant-feature-card\">\r\n\t<div class=\"feature-inner anant-feature-inner-card\">\r\n\t\t\t\t\t<div class=\"anant-feature-card-icon\">\r\n\t\t\t\t<div class=\"icon\">\r\n\t\t\t\t\t<i aria-hidden=\"true\" class=\"fas fa-shield-alt\"><\/i>\t\t\t\t<\/div>\r\n\t\t\t<\/div>\r\n\t\t\t\t<div class=\"content\">\r\n\t\t\t\t\t\t\t<div class=\"heading\">\r\n\t\t\t\t\t<h3 class=\"title anant-feature-card-heading\">\r\n\t\t\t\t\t\thealthcare\t\t\t\t\t<\/h3>\r\n\t\t\t\t<\/div>\r\n\t\t\t\t\t\t\t<p class=\"text anant-feature-card-description\">Lorem ipsum dolor<\/p>\r\n\t\t\t\t\t<\/div>\r\n\t<\/div>\r\n<\/div>\t\t\t\t<\/div>\n\t\t\t\t<\/div>\n\t\t\t\t<\/div>\n\t\t<div class=\"elementor-element elementor-element-45c0dbd e-con-full e-flex e-con e-child\" data-id=\"45c0dbd\" data-element_type=\"container\" data-e-type=\"container\">\n\t\t\t\t<div class=\"elementor-element elementor-element-7a224ac elementor-widget elementor-widget-anant-feature\" data-id=\"7a224ac\" data-element_type=\"widget\" data-e-type=\"widget\" data-widget_type=\"anant-feature.default\">\n\t\t\t\t<div class=\"elementor-widget-container\">\n\t\t\t\t\t<div class=\"anant-feature-wrapper feature_one anant-feature-card\">\r\n\t<div class=\"feature-inner anant-feature-inner-card\">\r\n\t\t\t\t\t<div class=\"anant-feature-card-icon\">\r\n\t\t\t\t<div class=\"icon\">\r\n\t\t\t\t\t<i aria-hidden=\"true\" class=\"fas fa-hand-holding-heart\"><\/i>\t\t\t\t<\/div>\r\n\t\t\t<\/div>\r\n\t\t\t\t<div class=\"content\">\r\n\t\t\t\t\t\t\t<div class=\"heading\">\r\n\t\t\t\t\t<h3 class=\"title anant-feature-card-heading\">\r\n\t\t\t\t\t\tinsurance\t\t\t\t\t<\/h3>\r\n\t\t\t\t<\/div>\r\n\t\t\t\t\t\t\t<p class=\"text anant-feature-card-description\">Lorem ipsum dolor<\/p>\r\n\t\t\t\t\t<\/div>\r\n\t<\/div>\r\n<\/div>\t\t\t\t<\/div>\n\t\t\t\t<\/div>\n\t\t\t\t<\/div>\n\t\t<div class=\"elementor-element elementor-element-ec7deda e-con-full e-flex e-con e-child\" data-id=\"ec7deda\" data-element_type=\"container\" data-e-type=\"container\">\n\t\t\t\t<div class=\"elementor-element elementor-element-6a9b75f elementor-widget elementor-widget-anant-feature\" data-id=\"6a9b75f\" data-element_type=\"widget\" data-e-type=\"widget\" data-widget_type=\"anant-feature.default\">\n\t\t\t\t<div class=\"elementor-widget-container\">\n\t\t\t\t\t<div class=\"anant-feature-wrapper feature_one anant-feature-card\">\r\n\t<div class=\"feature-inner anant-feature-inner-card\">\r\n\t\t\t\t\t<div class=\"anant-feature-card-icon\">\r\n\t\t\t\t<div class=\"icon\">\r\n\t\t\t\t\t<i aria-hidden=\"true\" class=\"far fa-grin-hearts\"><\/i>\t\t\t\t<\/div>\r\n\t\t\t<\/div>\r\n\t\t\t\t<div class=\"content\">\r\n\t\t\t\t\t\t\t<div class=\"heading\">\r\n\t\t\t\t\t<h3 class=\"title anant-feature-card-heading\">\r\n\t\t\t\t\t\tAlways fresh\t\t\t\t\t<\/h3>\r\n\t\t\t\t<\/div>\r\n\t\t\t\t\t\t\t<p class=\"text anant-feature-card-description\">Lorem ipsum dolor<\/p>\r\n\t\t\t\t\t<\/div>\r\n\t<\/div>\r\n<\/div>\t\t\t\t<\/div>\n\t\t\t\t<\/div>\n\t\t\t\t<\/div>\n\t\t<div class=\"elementor-element elementor-element-c0c3028 e-con-full e-flex e-con e-child\" data-id=\"c0c3028\" data-element_type=\"container\" data-e-type=\"container\">\n\t\t\t\t<div class=\"elementor-element elementor-element-97c8187 elementor-widget elementor-widget-anant-feature\" data-id=\"97c8187\" data-element_type=\"widget\" data-e-type=\"widget\" data-widget_type=\"anant-feature.default\">\n\t\t\t\t<div class=\"elementor-widget-container\">\n\t\t\t\t\t<div class=\"anant-feature-wrapper feature_one anant-feature-card\">\r\n\t<div class=\"feature-inner anant-feature-inner-card\">\r\n\t\t\t\t\t<div class=\"anant-feature-card-icon\">\r\n\t\t\t\t<div class=\"icon\">\r\n\t\t\t\t\t<i aria-hidden=\"true\" class=\"fas fa-user-cog\"><\/i>\t\t\t\t<\/div>\r\n\t\t\t<\/div>\r\n\t\t\t\t<div class=\"content\">\r\n\t\t\t\t\t\t\t<div class=\"heading\">\r\n\t\t\t\t\t<h3 class=\"title anant-feature-card-heading\">\r\n\t\t\t\t\t\tSecure delivery\t\t\t\t\t<\/h3>\r\n\t\t\t\t<\/div>\r\n\t\t\t\t\t\t\t<p class=\"text anant-feature-card-description\">Lorem ipsum dolor<\/p>\r\n\t\t\t\t\t<\/div>\r\n\t<\/div>\r\n<\/div>\t\t\t\t<\/div>\n\t\t\t\t<\/div>\n\t\t\t\t<\/div>\n\t\t\t\t<\/div>\n\t\t\t\t\t<\/div>\n\t\t\t\t<\/div>\n\t\t<div class=\"elementor-element elementor-element-593dfba e-flex e-con-boxed e-con e-parent\" data-id=\"593dfba\" data-element_type=\"container\" data-e-type=\"container\" data-settings=\"{&quot;background_background&quot;:&quot;classic&quot;}\">\n\t\t\t\t\t<div class=\"e-con-inner\">\n\t\t<div class=\"elementor-element elementor-element-6362cdd e-con-full e-flex e-con e-child\" data-id=\"6362cdd\" data-element_type=\"container\" data-e-type=\"container\">\n\t\t<div class=\"elementor-element elementor-element-09ef406 e-con-full e-flex e-con e-child\" data-id=\"09ef406\" data-element_type=\"container\" data-e-type=\"container\">\n\t\t\t\t<div class=\"elementor-element elementor-element-2e1eee2 elementor-widget elementor-widget-image\" data-id=\"2e1eee2\" data-element_type=\"widget\" data-e-type=\"widget\" data-widget_type=\"image.default\">\n\t\t\t\t\t\t\t\t\t\t\t\t\t\t\t<img fetchpriority=\"high\" decoding=\"async\" width=\"420\" height=\"420\" src=\"https:\/\/travelwave.id.vn\/wp-content\/uploads\/2024\/12\/pet30.webp\" class=\"attachment-full size-full wp-image-1689\" alt=\"\" srcset=\"https:\/\/travelwave.id.vn\/wp-content\/uploads\/2024\/12\/pet30.webp 420w, https:\/\/travelwave.id.vn\/wp-content\/uploads\/2024\/12\/pet30-300x300.webp 300w, https:\/\/travelwave.id.vn\/wp-content\/uploads\/2024\/12\/pet30-100x100.webp 100w, https:\/\/travelwave.id.vn\/wp-content\/uploads\/2024\/12\/pet30-150x150.webp 150w\" sizes=\"(max-width: 420px) 100vw, 420px\" \/>\t\t\t\t\t\t\t\t\t\t\t\t\t\t\t<\/div>\n\t\t\t\t<div class=\"elementor-element elementor-element-ee41be5 elementor-widget__width-initial elementor-widget elementor-widget-anant-heading\" data-id=\"ee41be5\" data-element_type=\"widget\" data-e-type=\"widget\" data-widget_type=\"anant-heading.default\">\n\t\t\t\t<div class=\"elementor-widget-container\">\n\t\t\t\t\t<div class=\"heading_one anant-heading-card\">\r\n\t\t\t<h2 class=\"title\">\r\n\t\tDog food is the ultimate choice.\t\t<\/h2>\r\n\t\t \r\n<\/div>\t\t\t\t<\/div>\n\t\t\t\t<\/div>\n\t\t\t\t<div class=\"elementor-element elementor-element-b0e4a01 elementor-widget elementor-widget-text-editor\" data-id=\"b0e4a01\" data-element_type=\"widget\" data-e-type=\"widget\" data-widget_type=\"text-editor.default\">\n\t\t\t\t\t\t\t\t\t<p>Lorem ipsum dolor sit amet, consectetur adipiscing elit. Ut elit tellus, luctus nec ullamcorper mattis.<\/p>\t\t\t\t\t\t\t\t<\/div>\n\t\t\t\t<\/div>\n\t\t<div class=\"elementor-element elementor-element-a390cf9 e-con-full e-flex e-con e-child\" data-id=\"a390cf9\" data-element_type=\"container\" data-e-type=\"container\">\n\t\t\t\t<div class=\"elementor-element elementor-element-ecb8a96 elementor-widget elementor-widget-image\" data-id=\"ecb8a96\" data-element_type=\"widget\" data-e-type=\"widget\" data-widget_type=\"image.default\">\n\t\t\t\t\t\t\t\t\t\t\t\t\t\t\t<img decoding=\"async\" width=\"420\" height=\"420\" src=\"https:\/\/travelwave.id.vn\/wp-content\/uploads\/2024\/12\/pet31.webp\" class=\"attachment-full size-full wp-image-1690\" alt=\"\" srcset=\"https:\/\/travelwave.id.vn\/wp-content\/uploads\/2024\/12\/pet31.webp 420w, https:\/\/travelwave.id.vn\/wp-content\/uploads\/2024\/12\/pet31-300x300.webp 300w, https:\/\/travelwave.id.vn\/wp-content\/uploads\/2024\/12\/pet31-100x100.webp 100w, https:\/\/travelwave.id.vn\/wp-content\/uploads\/2024\/12\/pet31-150x150.webp 150w\" sizes=\"(max-width: 420px) 100vw, 420px\" \/>\t\t\t\t\t\t\t\t\t\t\t\t\t\t\t<\/div>\n\t\t\t\t<div class=\"elementor-element elementor-element-582b1ef elementor-widget__width-initial elementor-widget elementor-widget-anant-heading\" data-id=\"582b1ef\" data-element_type=\"widget\" data-e-type=\"widget\" data-widget_type=\"anant-heading.default\">\n\t\t\t\t<div class=\"elementor-widget-container\">\n\t\t\t\t\t<div class=\"heading_one anant-heading-card\">\r\n\t\t\t<h2 class=\"title\">\r\n\t\tPet care, intimately and personally.\t\t<\/h2>\r\n\t\t \r\n<\/div>\t\t\t\t<\/div>\n\t\t\t\t<\/div>\n\t\t\t\t<div class=\"elementor-element elementor-element-88a5d02 elementor-widget elementor-widget-text-editor\" data-id=\"88a5d02\" data-element_type=\"widget\" data-e-type=\"widget\" data-widget_type=\"text-editor.default\">\n\t\t\t\t\t\t\t\t\t<p>Lorem ipsum dolor sit amet, consectetur adipiscing elit. Ut elit tellus, luctus nec ullamcorper mattis.<\/p>\t\t\t\t\t\t\t\t<\/div>\n\t\t\t\t<\/div>\n\t\t\t\t<\/div>\n\t\t\t\t\t<\/div>\n\t\t\t\t<\/div>\n\t\t<div class=\"elementor-element elementor-element-15dcd24 e-flex e-con-boxed e-con e-parent\" data-id=\"15dcd24\" data-element_type=\"container\" data-e-type=\"container\" data-settings=\"{&quot;background_background&quot;:&quot;classic&quot;}\">\n\t\t\t\t\t<div class=\"e-con-inner\">\n\t\t<div class=\"elementor-element elementor-element-f9515e7 e-con-full e-flex e-con e-child\" data-id=\"f9515e7\" data-element_type=\"container\" data-e-type=\"container\">\n\t\t\t\t<div class=\"elementor-element elementor-element-ee20d4c elementor-widget elementor-widget-anant-creative-icon\" data-id=\"ee20d4c\" data-element_type=\"widget\" data-e-type=\"widget\" data-widget_type=\"anant-creative-icon.default\">\n\t\t\t\t<div class=\"elementor-widget-container\">\n\t\t\t\t\t\r\n\t\t<div class=\"ant-creative-icon anant-creative-icon-card\">\r\n\t\t\t<a class=\"more anant-creative-icon\"\r\n\t\t\t\thref=\"\"\r\n\t\t\t\t target=_blank\t\t\t\t rel=nofollow>\r\n\t\t\t\t<i aria-hidden=\"true\" class=\"fas fa-play\"><\/i> \r\n\t\t\t<\/a>\r\n\t\t<\/div>\r\n\t\t\t\t\t\t<\/div>\n\t\t\t\t<\/div>\n\t\t\t\t<div class=\"elementor-element elementor-element-74994f3 elementor-widget__width-initial elementor-widget elementor-widget-heading\" data-id=\"74994f3\" data-element_type=\"widget\" data-e-type=\"widget\" data-widget_type=\"heading.default\">\n\t\t\t\t\t<h2 class=\"elementor-heading-title elementor-size-default\">Bast Food Four Your Pet<\/h2>\t\t\t\t<\/div>\n\t\t\t\t<\/div>\n\t\t\t\t\t<\/div>\n\t\t\t\t<\/div>\n\t\t<div class=\"elementor-element elementor-element-f7fcedc e-flex e-con-boxed e-con e-parent\" data-id=\"f7fcedc\" data-element_type=\"container\" data-e-type=\"container\" data-settings=\"{&quot;background_background&quot;:&quot;classic&quot;}\">\n\t\t\t\t\t<div class=\"e-con-inner\">\n\t\t<div class=\"elementor-element elementor-element-f01d761 e-con-full e-flex e-con e-child\" data-id=\"f01d761\" data-element_type=\"container\" data-e-type=\"container\">\n\t\t<div class=\"elementor-element elementor-element-909d832 e-con-full e-flex e-con e-child\" data-id=\"909d832\" data-element_type=\"container\" data-e-type=\"container\">\n\t\t\t\t<div class=\"elementor-element elementor-element-ab48fb9 elementor-widget elementor-widget-image\" data-id=\"ab48fb9\" data-element_type=\"widget\" data-e-type=\"widget\" data-widget_type=\"image.default\">\n\t\t\t\t\t\t\t\t\t\t\t\t\t\t\t<img decoding=\"async\" width=\"550\" height=\"400\" src=\"https:\/\/travelwave.id.vn\/wp-content\/uploads\/2024\/12\/pets33.webp\" class=\"attachment-full size-full wp-image-1701\" alt=\"\" srcset=\"https:\/\/travelwave.id.vn\/wp-content\/uploads\/2024\/12\/pets33.webp 550w, https:\/\/travelwave.id.vn\/wp-content\/uploads\/2024\/12\/pets33-300x218.webp 300w\" sizes=\"(max-width: 550px) 100vw, 550px\" \/>\t\t\t\t\t\t\t\t\t\t\t\t\t\t\t<\/div>\n\t\t\t\t<\/div>\n\t\t<div class=\"elementor-element elementor-element-3eaf5f0 e-con-full e-flex e-con e-child\" data-id=\"3eaf5f0\" data-element_type=\"container\" data-e-type=\"container\">\n\t\t\t\t<div class=\"elementor-element elementor-element-2772e17 elementor-widget__width-initial elementor-widget elementor-widget-anant-heading\" data-id=\"2772e17\" data-element_type=\"widget\" data-e-type=\"widget\" data-widget_type=\"anant-heading.default\">\n\t\t\t\t<div class=\"elementor-widget-container\">\n\t\t\t\t\t<div class=\"heading_one anant-heading-card\">\r\n\t\t\t<h2 class=\"title\">\r\n\t\tShop By Pet\t\t<\/h2>\r\n\t\t \r\n<\/div>\t\t\t\t<\/div>\n\t\t\t\t<\/div>\n\t\t\t\t<div class=\"elementor-element elementor-element-8c7c541 elementor-widget elementor-widget-text-editor\" data-id=\"8c7c541\" data-element_type=\"widget\" data-e-type=\"widget\" data-widget_type=\"text-editor.default\">\n\t\t\t\t\t\t\t\t\t<p>Th\u00eam m\u1ed9t \u0111o\u1ea1n v\u0103n b\u1ea3n \u1edf \u0111\u00e2y. Nh\u1ea5p v\u00e0o \u00f4 v\u0103n b\u1ea3n \u0111\u1ec3 t\u00f9y ch\u1ec9nh n\u1ed9i dung, phong c\u00e1ch ph\u00f4ng ch\u1eef v\u00e0 m\u00e0u s\u1eafc c\u1ee7a \u0111o\u1ea1n v\u0103n c\u1ee7a b\u1ea1n.<\/p>\t\t\t\t\t\t\t\t<\/div>\n\t\t\t\t<\/div>\n\t\t\t\t<\/div>\n\t\t\t\t\t<\/div>\n\t\t\t\t<\/div>\n\t\t<div class=\"elementor-element elementor-element-58640a6 e-flex e-con-boxed e-con e-parent\" data-id=\"58640a6\" data-element_type=\"container\" data-e-type=\"container\" data-settings=\"{&quot;background_background&quot;:&quot;classic&quot;}\">\n\t\t\t\t\t<div class=\"e-con-inner\">\n\t\t<div class=\"elementor-element elementor-element-a3dcfca e-con-full e-flex e-con e-child\" data-id=\"a3dcfca\" data-element_type=\"container\" data-e-type=\"container\">\n\t\t<div class=\"elementor-element elementor-element-4518674 e-con-full e-flex e-con e-child\" data-id=\"4518674\" data-element_type=\"container\" data-e-type=\"container\">\n\t\t\t\t<div class=\"elementor-element elementor-element-04a1778 elementor-widget__width-initial elementor-widget elementor-widget-anant-heading\" data-id=\"04a1778\" data-element_type=\"widget\" data-e-type=\"widget\" data-widget_type=\"anant-heading.default\">\n\t\t\t\t<div class=\"elementor-widget-container\">\n\t\t\t\t\t<div class=\"heading_one anant-heading-card\">\r\n\t\t\t<h2 class=\"title\">\r\n\t\tShop By Pet\t\t<\/h2>\r\n\t\t \r\n<\/div>\t\t\t\t<\/div>\n\t\t\t\t<\/div>\n\t\t\t\t<div class=\"elementor-element elementor-element-afca11d elementor-widget elementor-widget-text-editor\" data-id=\"afca11d\" data-element_type=\"widget\" data-e-type=\"widget\" data-widget_type=\"text-editor.default\">\n\t\t\t\t\t\t\t\t\t<p>Th\u00eam m\u1ed9t \u0111o\u1ea1n v\u0103n b\u1ea3n \u1edf \u0111\u00e2y. Nh\u1ea5p v\u00e0o \u00f4 v\u0103n b\u1ea3n \u0111\u1ec3 t\u00f9y ch\u1ec9nh n\u1ed9i dung, phong c\u00e1ch ph\u00f4ng ch\u1eef v\u00e0 m\u00e0u s\u1eafc c\u1ee7a \u0111o\u1ea1n v\u0103n c\u1ee7a b\u1ea1n.<\/p>\t\t\t\t\t\t\t\t<\/div>\n\t\t\t\t<\/div>\n\t\t<div class=\"elementor-element elementor-element-65782f3 e-con-full e-flex e-con e-child\" data-id=\"65782f3\" data-element_type=\"container\" data-e-type=\"container\">\n\t\t\t\t<div class=\"elementor-element elementor-element-86d1fa8 elementor-widget elementor-widget-image\" data-id=\"86d1fa8\" data-element_type=\"widget\" data-e-type=\"widget\" data-widget_type=\"image.default\">\n\t\t\t\t\t\t\t\t\t\t\t\t\t\t\t<img loading=\"lazy\" decoding=\"async\" width=\"550\" height=\"400\" src=\"https:\/\/travelwave.id.vn\/wp-content\/uploads\/2024\/12\/pets34.webp\" class=\"attachment-full size-full wp-image-1702\" alt=\"\" srcset=\"https:\/\/travelwave.id.vn\/wp-content\/uploads\/2024\/12\/pets34.webp 550w, https:\/\/travelwave.id.vn\/wp-content\/uploads\/2024\/12\/pets34-300x218.webp 300w\" sizes=\"(max-width: 550px) 100vw, 550px\" \/>\t\t\t\t\t\t\t\t\t\t\t\t\t\t\t<\/div>\n\t\t\t\t<\/div>\n\t\t\t\t<\/div>\n\t\t\t\t\t<\/div>\n\t\t\t\t<\/div>\n\t\t\t\t<\/div>\n\t\t","protected":false},"excerpt":{"rendered":"<p>about us home about us healthcare Lorem ipsum dolor insurance Lorem ipsum dolor Always fresh Lorem ipsum dolor Secure delivery Lorem ipsum dolor Dog food is the ultimate choice. Lorem ipsum dolor sit amet, consectetur adipiscing elit. Ut elit tellus, luctus nec ullamcorper mattis. Pet care, intimately and personally. Lorem ipsum dolor sit amet, consectetur [&hellip;]<\/p>\n","protected":false},"author":1,"featured_media":0,"parent":0,"menu_order":0,"comment_status":"closed","ping_status":"closed","template":"","meta":{"footnotes":""},"class_list":["post-165","page","type-page","status-publish","hentry"],"_hostinger_reach_plugin_has_subscription_block":false,"_hostinger_reach_plugin_is_elementor":false,"_links":{"self":[{"href":"https:\/\/travelwave.id.vn\/index.php?rest_route=\/wp\/v2\/pages\/165","targetHints":{"allow":["GET"]}}],"collection":[{"href":"https:\/\/travelwave.id.vn\/index.php?rest_route=\/wp\/v2\/pages"}],"about":[{"href":"https:\/\/travelwave.id.vn\/index.php?rest_route=\/wp\/v2\/types\/page"}],"author":[{"embeddable":true,"href":"https:\/\/travelwave.id.vn\/index.php?rest_route=\/wp\/v2\/users\/1"}],"replies":[{"embeddable":true,"href":"https:\/\/travelwave.id.vn\/index.php?rest_route=%2Fwp%2Fv2%2Fcomments&post=165"}],"version-history":[{"count":1,"href":"https:\/\/travelwave.id.vn\/index.php?rest_route=\/wp\/v2\/pages\/165\/revisions"}],"predecessor-version":[{"id":2825,"href":"https:\/\/travelwave.id.vn\/index.php?rest_route=\/wp\/v2\/pages\/165\/revisions\/2825"}],"wp:attachment":[{"href":"https:\/\/travelwave.id.vn\/index.php?rest_route=%2Fwp%2Fv2%2Fmedia&parent=165"}],"curies":[{"name":"wp","href":"https:\/\/api.w.org\/{rel}","templated":true}]}}